0141995?
9
What is the units digit of 5363970050?
0
What is the hundreds digit of 1935353377?
3
What is the units digit of 35208152?
2
What is the units digit of 50345148?
8
What is the ten millions digit of 97713543?
9
What is the hundred millions digit of 197440211?
1
What is the millions digit of 261764886?
1
What is the hundreds digit of 19444697?
6
What is the thousands digit of 3650072007?
2
What is the hundreds digit of 76177711?
7
What is the ten thousands digit of 57342368?
4
What is the units digit of 37853111?
1
What is the units digit of 681998778?
8
What is the thousands digit of 1145381637?
1
What is the tens digit of 159036808?
0
What is the tens digit of 260972788?
8
What is the units digit of 66695121?
1
What is the ten thousands digit of 34791764?
9
What is the hundred millions digit of 291153685?
2
What is the hundreds digit of 29007307?
3
What is the tens digit of 502305878?
7
What is the units digit of 69245966?
6
What is the tens digit of 84459497?
9
What is the hundred thousands digit of 27755500?
7
What is the hundreds digit of 719076492?
4
What is the millions digit of 1973171020?
3
What is the tens digit of 4254276244?
4
What is the hundred thousands digit of 164782371?
7
What is the hundreds digit of 1886922028?
0
What is the units digit of 47693739?
9
What is the millions digit of 3207980845?
7
What is the ten thousands digit of 278694811?
9
What is the units digit of 1314490151?
1
What is the hundred thousands digit of 6321283?
3
What is the thousands digit of 59510555?
0
What is the hundred millions digit of 192883590?
1
What is the millions digit of 138995934?
8
What is the hundred thousands digit of 8287457?
2
What is the hundred millions digit of 140160358?
1
What is the ten thousands digit of 2315799103?
9
What is the millions digit of 116296435?
6
What is the ten millions digit of 73556889?
7
What is the thousands digit of 238829736?
9
What is the units digit of 48013370?
0
What is the ten millions digit of 2439039607?
3
What is the tens digit of 1946609290?
9
What is the hundreds digit of 251590852?
8
What is the units digit of 3379720898?
8
What is the ten millions digit of 4651351898?
5
What is the thousands digit of 43486877?
6
What is the millions digit of 20902001?
0
What is the millions digit of 2040572073?
0
What is the thousands digit of 22620943?
0
What is the ten thousands digit of 3267043618?
4
What is the hundred thousands digit of 4981869741?
8
What is the ten thousands digit of 9068553?
6
What is the millions digit of 413764272?
3
What is the hundreds digit of 2837584678?
6
What is the thousands digit of 266833943?
3
What is the hundred millions digit of 198425001?
1
What is the ten thousands digit of 26312572?
1
What is the units digit of 12737428?
8
What is the hundred thousands digit of 428411730?
4
What is the units digit of 845191313?
3
What is the hundred thousands digit of 391988218?
9
What is the billions digit of 1241154181?
1
What is the units digit of 2966472272?
2
What is the ten millions digit of 20941415?
2
What is the tens digit of 79044873?
7
What is the thousands digit of 2929684?
9
What is the tens digit of 1652455340?
4
What is the hundreds digit of 4031069511?
5
What is the hundreds digit of 60997661?
6
What is the tens digit of 37983119?
1
What is the hundreds digit of 21564406?
4
What is the millions digit of 1769704531?
9
What is the hundred thousands digit of 75100924?
1
What is the hundred thousands digit of 56793327?
7
What is the tens digit of 235089341?
4
What is the units digit of 558783701?
1
What is the tens digit of 56555108?
0
What is the hundreds digit of 186272365?
3
What is the tens digit of 1124747876?
7
What is the units digit of 2326293535?
5
What is the hundred millions digit of 2844984876?
8
What is the units digit of 33472723?
3
What is the tens digit of 6433421?
2
What is the hundred millions digit of 209268734?
2
What is the units digit of 499647831?
1
What is the tens digit of 350666366?
6
What is the millions digit of 9566581?
9
What is the hundred millions digit of 546399322?
5
What is the tens digit of 319239376?
7
What is the ten millions digit of 41299676?
4
What is the tens digit of 816748539?
3
What is the thousands digit of 2066788536?
8
What is the tens digit of 5334725?
2
What is the hundreds digit of 561376172?
1
What is the millions digit of 111486615?
1
What is the hundreds digit of 62113422?
4
What is the ten millions digit of 43312403?
4
What is the hundreds digit of 14664098?
0
What is the ten millions digit of 76153341?
7
What is the millions digit of 2616573549?
6
What is the ten millions digit of 31474670?
3
What is the hundred thousands digit of 389820031?
8
What is the hundreds digit of 174341944?
9
What is the ten millions digit of 22475594?
2
What is the thousands digit of 136973692?
3
What is the millions digit of 1260975178?
0
What is the thousands digit of 697919059?
9
What is the millions digit of 685951448?
5
What is the millions digit of 5406576602?
6
What is the units digit of 263272456?
6
What is the hundreds digit of 36249710?
7
What is the thousands digit of 62836871?
6
What is the hundreds digit of 548126527?
5
What is the millions digit of 324544474?
4
What is the thousands digit of 457580589?
0
What is the ten thousands digit of 686815295?
1
What is the billions digit of 1279488734?
1
What is the thousands digit of 3336474902?
4
What is the tens digit of 5640807434?
3
What is the hundred thousands digit of 1957803552?
8
What is the thousands digit of 1938670233?
0
What is the ten millions digit of 922499796?
2
What is the millions digit of 4289225733?
9
What is the ten thousands digit of 5673807634?
0
What is the ten millions digit of 102510037?
0
What is the ten thousands digit of 133841538?
4
What is the millions digit of 36396175?
6
What is the units digit of 106364330?
0
What is the millions digit of 451406755?
1
What is the ten millions digit of 852154789?
5
What is the millions digit of 9701852?
9
What is the ten thousands digit of 2924440135?
4
What is the units digit of 5957279?
9
What is the ten thousands digit of 54220774?
2
What is the hundreds digit of 1151322940?
9
What is the ten thousands digit of 21770462?
7
What is the ten thousands digit of 239154234?
5
What is the hundred millions digit of 145146569?
1
What is the hundred thousands digit of 128537628?
5
What is the units digit of 35296003?
3
What is the tens digit of 205261784?
8
What is the hundreds digit of 80527869?
8
What is the ten thousands digit of 75544349?
4
What is the units digit of 92028726?
6
What is the tens digit of 16501523?
2
What is the tens digit of 371687328?
2
What is the hundreds digit of 3747301323?
3
What is the hundred thousands digit of 50816741?
8
What is the units digit of 288529656?
6
What is the ten millions digit of 25857625?
2
What is the units digit of 67752380?
0
What is the units digit of 3206654073?
3
What is the hundreds digit of 370075644?
6
What is the hundred thousands digit of 5856992475?
9
What is the ten thousands digit of 48413427?
1
What is the hundreds digit of 160720259?
2
What is the hundreds digit of 16321505?
5
What is the millions digit of 67511995?
7
What is the tens digit of 2280891729?
2
What is the tens digit of 54584159?
5
What is the ten thousands digit of 1899988700?
8
What is the hundred thousands digit of 74921517?
9
What is the hundred thousands digit of 119095646?
0
What is the ten millions digit of 258667993?
5
What is the ten millions digit of 72399459?
7
What is the ten thousands digit of 30654385?
5
What is the thousands digit of 14731801?
1
What is the ten millions digit of 127104857?
2
What is the millions digit of 72431816?
2
What is the units digit of 101552308?
8
What is the tens digit of 7738731?
3
What is the ten millions digit of 247934896?
4
What is the thousands digit of 93728656?
8
What is the hundreds digit of 2562628788?
7
What is the hundred thousands digit of 646499057?
4
What is the millions digit of 99565184?
9
What is the millions digit of 46158282?
6
What is the thousands digit of 402896080?
6
What is the ten thousands digit of 561148979?
4
What is the millions digit of 2975641?
2
What is the tens digit of 983551641?
4
What is the hundred thousands digit of 